late v(m).
-4
Let x = -13/15 + 6/5. Let g(d) be the first derivative of -x*d**3 - 1 - d**2 + 5*d. Give g(-4).
-3
Let o(m) = m**3 - m**2 + m - 5. Let v be o(0). Let s(c) = 4*c - 3. Let g(z) = -z. Let u(k) = -6*g(k) - s(k). Give u(v).
-7
Let b(x) = -2*x**2 + 11*x - 12. Let l be b(5). Let s(h) = 3*h - 6. Calculate s(l).
-27
Let h(x) = -x - 2. Let b be h(-7). Let n(v) = -3*v + v + v + 6 + 0. Calculate n(b).
1
Let q(i) = 4*i**2 + i**3 - 3*i**2 + 2*i + 4 + 0*i**2 - 6*i**2. Calculate q(3).
-8
Let r(d) = 2*d**3 - 3*d**2 + d - 2. Let m be r(2). Let y(i) = i**2 - 3*i - 1. Determine y(m).
3
Suppose -3*z - 2*s - 8 = -4, 3 = -z - s. Let l be (-2)/(-1*(z + 0)). Let g(y) = 7*y**3 + 1 + 5*y**3 - 14*y**3 + 4*y**3. Give g(l).
3
Let u(q) = -q**3 + 1. Let s(i) = 5*i**3 - 2*i**2 - i - 3. Let h(n) = -s(n) - 3*u(n). Give h(2).
-6
Let x(r) be the second derivative of 2*r + 0 - 3/2*r**2 - 1/24*r**4 - 2/3*r**3. Let m(g) be the first derivative of x(g). Calculate m(-5).
1
Let n(m) = m**3 - 5*m**2 + 3*m - 7. Suppose -c + 7 = 2. Suppose 2*o = -5*y - 0*y + c, -o = -4*y - 9. Determine n(o).
8
Let d be -2 - (0 + 12/(-3)). Let h = 1 + d. Let g(u) = h*u - 4*u - 3 - 3*u. Calculate g(-2).
5
Suppose 3*j + 2*j = -10. Let y be (j/(-6))/((-1)/6). Let v(o) = -3*o. Determine v(y).
6
Let u(f) = f + 2. Let y = 7 - 9. What is u(y)?
0
Let g = 3 + -5. Let a(l) be the second derivative of 1/10*l**5 - 2/3*l**3 - 3/2*l**2 + 1/12*l**4 + 0 - 2*l. What is a(g)?
-7
Suppose -g - g + 4*i = -14, 0 = 5*i. Let c = 8 - 3. Let p(b) = c - 1 - b + g. What is p(5)?
6
Suppose 2*x - 3*r = -2*x - 40, 2*x + 3*r + 2 = 0. Let u(h) = h**3 + 8*h**2 + 9*h + 10. Give u(x).
-4
Suppose -11*j - 32 = -10. Let f(i) = 4*i + 2. Determine f(j).
-6
Let x(w) be the first derivative of w**2 - 2*w - 2. Calculate x(5).
8
Let t(j) = 2*j**2 - j - 2. Let w be t(2). Let b be w/2 - 0 - -2. Let d(h) = -5 - h + h + h. Determine d(b).
-1
Suppose -2*h = 3*w - 3*h + 17, 5*h - 37 = 3*w. Let s be (0 + 3)/(w/8). Let g be -2*((-15)/s + -2). Let v(z) = -4*z**2 - z. What is v(g)?
-3
Let t(l) = l + 1. Let z(f) = -2*f - 1. Let n(w) = 3*t(w) + 2*z(w). Suppose 0 - 10 = -5*y. Calculate n(y).
-1
Let z be (-90)/(-12)*2/3. Suppose z*m + 28 = -4*t, -5*t + 10 = -5*m - 0*t. Let v(s) = -s**2 - 5*s - 6. Give v(m).
-2
Let k(n) = -n**2 - 5*n - 1. Let b(x) = x - 12. Let r be b(7). Give k(r).
-1
Let t(v) = 3*v - 8. Let k = 0 + 6. Determine t(k).
10
Suppose 4*s = -4*g - 36, 0 = 2*g + 3*s + 39 - 17. Let z(m) = 6*m + 2. Let d(v) = -v. Let u(r) = 15*d(r) + 3*z(r). What is u(g)?
-9
Let a(b) be the third derivative of -b**5/60 - b**4/8 - b**3/2 + b**2. Let t be a(-2). Let z(h) = 9*h - 3*h + 2*h - 6*h**3 - 9*h. Determine z(t).
7
Let q(f) = -25*f + 27*f + 2 + 1. Let b be -1 - (-1)/(-1) - -11. Let u = 5 - b. Determine q(u).
-5
Let l(d) be the first derivative of -d**4/4 + d**3 - d**2/2 - 2*d - 1. Let p(t) = -t**3 - 17*t**2 - 74*t - 15. Let z be p(-9). Calculate l(z).
-5
Let s(d) be the first derivative of d**4/4 - d**3/6 + d**2/2 + 3*d + 6. Let j(k) be the first derivative of s(k). Calculate j(2).
11
Let r = 14 - 23. Let v(w) = 13*w**2 - 2*w - 3. Let p be v(-1). Let n = p + r. Let j(o) = o**3 - 2*o**2 - 3*o. Calculate j(n).
0
Let l(r) = r**2 - r. Let b be l(1). Let o(y) = b*y - 2 + 5*y - 4*y. Determine o(-4).
-6
Suppose -4*k = -2*k - 6. Let v(b) be the third derivative of -b**5/60 + b**4/24 - b**3/2 + 16*b**2. Calculate v(k).
-9
Let m(j) = 0*j - 5*j - 1 + 3*j + 3*j. Suppose k + 1 = -3. Let q be ((-3)/3)/(1/k). Determine m(q).
3
Let g(q) = -q**2 - 3*q + 1. Let s be (-1 - -4)*(-2 - 4/(-4)). Give g(s).
1
Let o(u) = 10*u + 4*u + 2 - 4*u + u**2. Let g be o(-10). Let c(k) = -k**3 - k**2 + 2*k - 1. What is c(g)?
-9
Let b(f) = -6*f**3 + 8*f**3 + 5*f**3 + f - 1 - f**2. Give b(1).
6
Let f = -4 + 3. Let j(i) = -3*i**2 - 4*i - 5. Let l(d) = 3*d**2 + 3*d + 4. Suppose -8*b + 16 = -4*b. Let x(q) = b*l(q) + 3*j(q). Calculate x(f).
4
Let y be 4*(-9 - -11) + 1*-4. Let j(v) = -2*v. What is j(y)?
-8
Let q be (-1)/(-2*(-2)/(-12)). Let g(y) = 2*y. What is g(q)?
6
Let y(o) = 9*o**2 + 1. Let j(b) = b + 2. Let c be j(-2). Suppose -2*u + 4 + 0 = c. Suppose 4*s + 0 - 1 = t, 5*t = u*s - 5. Determine y(t).
10
Let s(v) = -4*v**3 + 2*v**2 + 4*v - 1. Let c(r) = 1 - 8*r + r**2 + 5 + 4. Let u be c(7). Let w(k) = -k**3 - k**2 + k. Let z(i) = u*w(i) - s(i). Calculate z(5).
-4
Let s(p) = -p**2 - 2*p - 1. Suppose 6 = -4*r - 2. Let t(h) = -h**3 - 2*h**2 - 3*h - 3. Let b be t(r). Suppose 4*i = i - b. Determine s(i).
0
Let h(i) = i**3 - i**2 + i - 12. Let w be 8/(-60) - 4/(-30). Determine h(w).
-12
Let p(f) = -7*f**2 + 5 + f - 5. What is p(1)?
-6
Let j(h) be the first derivative of 4*h**2 + h + 9. Give j(-2).
-15
Let g(p) = -p - 1. Let h(k) = k**2 - 5. Let r(y) = -5*g(y) + h(y). Suppose 9*j = 2*j - 42. Give r(j).
6
Suppose -4*w - 2*d = -w + 16, -2*w = -4*d + 16. Let g(j) = -j**2 - 4*j + 3. What is g(w)?
-9
Let i(d) = 8*d + 9*d - 6 - 12*d - 2*d. Give i(5).
9
Let q(m) be the first derivative of -m**2 + 9*m - 2. Determine q(7).
-5
Let i = 4 - 2. Let w be (0 + 0)/(-3) - -2. Let o(x) = -7*x**2 - x - 4*x**i + x**w. Calculate o(-1).
-9
Let f(v) = v**3 - 3*v**2. Let y(j) = j**3 - 2*j**2. Let o(k) = 6*f(k) - 7*y(k). What is o(-4)?
0
Let h(n) be the first derivative of n**4/8 - n**3/3 + 5*n**2/2 + 2. Let f(u) be the second derivative of h(u). What is f(2)?
4
Suppose 0 = -w + 4 - 1. Let k(j) = 2*j**2 - w*j - 3*j**2 + 0*j**2 - 1 - 4*j. Calculate k(-6).
5
Let j(g) = -g**2 + 6*g - 5. Let x = 0 + 6. What is j(x)?
-5
Let g(q) = -q**2 + 2. Let f(n) = -6*n**2 - 10*n + 3. Let s(b) = -f(b) + 5*g(b). Calculate s(-6).
-17
Let b = -9 - -7. Let t(v) = 2*v**3 + 2*v**2 - 2*v. Determine t(b).
-4
Let k = 2 + 2. Suppose -3*h + k*h = 0. Let v be (h - 0)/(-3 - -4). Let s(l) = l**2 + l - 7. What is s(v)?
-7
Let x(q) = 3*q - 1. Let z(c) = 5*c - 1. Let m be -2*(7 + (-6)/2). Let f(i) = m*x(i) + 5*z(i). Calculate f(0).
3
Suppose -15 = -4*q - 5*y + 13, 3*y - 6 = 3*q. Let m(i) = -q*i - 5 + 5 + 1 + 5. What is m(5)?
-4
Let k = -5 + 1. Let t be (-6)/4*20/(-15). Let j(b) = 2*b + 0 + t + 3. Give j(k).
-3
Let q(l) = -l**2 - l + 6. Let n(u) = -2*u**2 - 2*u + 13. Let x(r) = -6*n(r) + 13*q(r). Let y(h) = h**2 - 5*h + 4. Let v be y(1). What is x(v)?
0
Let w(k) = 8*k - 12*k**3 + 0*k**2 - 3 + 8*k**3 + 3*k**3 + 4*k**2. What is w(5)?
12
Let h = -51 + 45. Let f(a) = -2*a - 3. What is f(h)?
9
Let r = 6 + -8. Let y be (22 + r)*6/15. Let b(g) = g**2 - 8*g + 1. Let z be b(y). Let n(u) = -6*u**2 - u. Give n(z).
-7
Let f(u) = 7*u. Let g(x) = x**2 + 6*x + 4. Let w(v) = 4 - v**2 + 2*v - 5 + 0*v**3 - v**3 - 4*v**3. Let p be w(1). Let k be g(p). Determine f(k).
-7
Let f(d) be the third derivative of -d**6/120 - 2*d**5/15 - 7*d**4/24 + 3*d**3/2 - 44*d**2. Calculate f(-7).
9
Let r(s) = s**2 + 6*s + 9. Let m be r(-5). Let h(t) = t - m*t - t + 2. Suppose 0 = -3*u + 2*u + 5, -4*a + 18 = 2*u. Determine h(a).
-6
Let l(o) be the second derivative of -o**4/6 + 4*o**3/3 - 3*o**2/2 + 3*o + 7. Calculate l(5).
-13
Let h(k) = 11*k**3 - 6*k**2 - 13*k - 11. Suppose 0 = 2*l + 2*l - 24. Let n(d) = -5*d**3 + 3*d**2 + 6*d + 5. Let u(y) = l*h(y) + 13*n(y). Calculate u(-3).
-1
Suppose f + 4*f - 20 = 0, 2*f - 6 = i. Let v(k) = i*k**2 + 4 - k - 3*k**2 - 4*k. Suppose 2 = -2*s + u + 3*u, -3*s - 5*u - 25 = 0. Give v(s).
4
Suppose -8*d + 3*d = -20. Let u(f) = 7*f - 1. Determine u(d).
27
Let o(l) be the second derivative of -l**5/120 + 5*l**4/24 + l**3/3 + l. Let j(g) be the second derivative of o(g). Let h be 1 - ((2 - 3) + -2). What is j(h)?
1
Let p(j) = j**2 - 4*j + 3. Let w be p(6). Suppose 0 = -2*r - 3*r - w. Let i(f) = f**3 + 3*f**2 - f - 4. What is i(r)?
-1
Let h(i) = -i + 8. Let m(z) = 1. Let d(f) = h(f) - 5*m(f). Give d(3).
0
Let j be 4/8*-8*2/(-4). Let n(i) = -2*i + 1. Calculate n(j).
-3
Let r(w) = -3*w. Let t(p) = 4*p**3 - 14*p**2 - 8*p - 8. Let z(v) = -v**3 + v**2 - v - 1. Let u(o) = -t(o) - 3*z(o). Let c be u(12). Calculate r(c).
3
Let w = -87 - -86. Let k(f) = -5*f + 1. Give k(w).
6
Suppose 3*n - 12 = -0. Let u(z) = -z**3 + 5*z**2 - 3*z - 4. What is u(n)?
0
Let w(c) = -c - 2. Let k be w(-4). Let h(j) = 2 - k*j + 8 - 4. What is h(4)?
-2
Let z(l) = -2*l - 4. Let p(y) = y + 10. Let k be p(-6). Suppose v - k*v + 21 = 3*x, 2*v = -3*x + 15. Determine z(v).
-16
Let p(l) = 3*l - 2. Suppose